y 9877.
13
What is the remainder when 51727 is divided by 1692?
967
What is the remainder when 293894376 is divided by 169?
165
What is the remainder when 249660 is divided by 69?
18
What is the remainder when 279438 is divided by 139711?
16
Calculate the remainder when 6037807 is divided by 2269.
2267
What is the remainder when 207913295 is divided by 107?
97
What is the remainder when 5996302 is divided by 4595?
4422
Calculate the remainder when 5314875 is divided by 1771617.
24
Calculate the remainder when 478020 is divided by 776.
4
Calculate the remainder when 13445926 is divided by 101.
99
What is the remainder when 81501 is divided by 11508?
945
What is the remainder when 7188759 is divided by 1680?
39
What is the remainder when 142862 is divided by 20333?
531
What is the remainder when 784488 is divided by 12?
0
Calculate the remainder when 54426 is divided by 319.
196
What is the remainder when 719075 is divided by 3994?
155
What is the remainder when 242211 is divided by 1697?
1237
What is the remainder when 163316110 is divided by 498?
496
Calculate the remainder when 1741280 is divided by 580390.
110
Calculate the remainder when 3677 is divided by 1205.
62
What is the remainder when 163429364 is divided by 31?
30
Calculate the remainder when 7681891 is divided by 32.
3
What is the remainder when 18067788 is divided by 36873?
18
Calculate the remainder when 38785364 is divided by 171.
170
What is the remainder when 9021701 is divided by 410077?
7
What is the remainder when 44029138 is divided by 991?
990
What is the remainder when 4822955 is divided by 15?
5
Calculate the remainder when 886731 is divided by 443297.
137
Calculate the remainder when 65357 is divided by 12493.
2892
Calculate the remainder when 176828794 is divided by 100.
94
Calculate the remainder when 86279024 is divided by 188.
184
What is the remainder when 35362 is divided by 494?
288
Calculate the remainder when 987102 is divided by 101.
29
What is the remainder when 7621306 is divided by 7621283?
23
Calculate the remainder when 268161 is divided by 3082.
27
What is the remainder when 4908573 is divided by 291?
276
Calculate the remainder when 76564 is divided by 1893.
844
Calculate the remainder when 55109633 is divided by 787280.
33
What is the remainder when 70023 is divided by 3475?
523
Calculate the remainder when 17750072 is divided by 93.
92
Calculate the remainder when 1466621 is divided by 293314.
51
What is the remainder when 8835356 is divided by 47?
14
What is the remainder when 402908 is divided by 13887?
185
What is the remainder when 16913900 is divided by 3950?
0
Calculate the remainder when 2883241 is divided by 88.
9
What is the remainder when 950743 is divided by 723?
721
Calculate the remainder when 619723 is divided by 309850.
23
Calculate the remainder when 1194495201 is divided by 14.
11
What is the remainder when 431971 is divided by 71982?
79
Calculate the remainder when 1407080 is divided by 703492.
96
What is the remainder when 103324941 is divided by 30?
21
What is the remainder when 658772 is divided by 26347?
97
What is the remainder when 5076793 is divided by 800?
793
Calculate the remainder when 55841857 is divided by 2973.
2971
Calculate the remainder when 502680 is divided by 852.
0
Calculate the remainder when 1546599803 is divided by 11028.
11027
What is the remainder when 178135685 is divided by 16194152?
13
Calculate the remainder when 277696 is divided by 92545.
61
Calculate the remainder when 28336030 is divided by 41.
28
Calculate the remainder when 2337346 is divided by 51.
16
Calculate the remainder when 3114142 is divided by 1058.
448
Calculate the remainder when 287698 is divided by 16787.
2319
What is the remainder when 12949536 is divided by 417?
18
What is the remainder when 22414 is divided by 10795?
824
Calculate the remainder when 5556683 is divided by 17.
12
Calculate the remainder when 64174 is divided by 641.
74
What is the remainder when 37590 is divided by 3608?
1510
Calculate the remainder when 1641924 is divided by 1641905.
19
Calculate the remainder when 52490821 is divided by 11.
9
What is the remainder when 61571769 is divided by 27?
24
Calculate the remainder when 1856351 is divided by 25.
1
What is the remainder when 287397 is divided by 1955?
12
What is the remainder when 320472 is divided by 24642?
126
Calculate the remainder when 18292050 is divided by 17.
16
What is the remainder when 92768 is divided by 10282?
230
What is the remainder when 2556595 is divided by 5?
0
What is the remainder when 8279806 is divided by 551985?
31
What is the remainder when 6392304 is divided by 43?
10
Calculate the remainder when 2745280 is divided by 135.
55
What is the remainder when 5228576 is divided by 59?
55
What is the remainder when 20263 is divided by 9965?
333
Calculate the remainder when 4202375 is divided by 364.
359
What is the remainder when 129645635 is divided by 6221?
6216
Calculate the remainder when 1020 is divided by 24.
12
What is the remainder when 1869441 is divided by 900?
141
Calculate the remainder when 80256 is divided by 15973.
391
What is the remainder when 429381 is divided by 12785?
7476
What is the remainder when 2286098 is divided by 7056?
7010
Calculate the remainder when 1468653 is divided by 60.
33
Calculate the remainder when 81648695 is divided by 537.
530
What is the remainder when 63944 is divided by 127?
63
Calculate the remainder when 1084460 is divided by 22591.
92
Calculate the remainder when 22284330 is divided by 1238018.
6
Calculate the remainder when 510155 is divided by 968.
19
Calculate the remainder when 77319 is divided by 2039.
1876
Calculate the remainder when 902794 is divided by 5248.
138
Calculate the remainder when 123915 is divided by 559.
376
Calculate the remainder when 526390 is divided by 105157.
605
Calculate the remainder when 1633539 is divided by 60.
39
What is the remainder when 1587674 is divided by 55?
44
What is the remainder when 86767 is divided by 1927?
52
Calculate the remainder when 361201 is divided by 1147.
1043
Calculate the remainder when 3677211 is divided by 79938.
63
What is the remainder when 53451562 is divided by 102?
94
Calculate the remainder when 16976 is divided by 3658.
2344
Calculate the remainder when 152902 is divided by 794.
454
Calculate the remainder when 214256807 is divided by 2156.
2151
What is the remainder when 4878948 is divided by 1091?
1087
What is the remainder when 2347024 is divided by 698?
348
What is the remainder when 54262 is divided by 4744?
2078
What is the remainder when 22411 is divided by 7403?
202
Calculate the remainder when 2838717 is divided by 8252.
29
What is the remainder when 650013 is divided by 1867?
297
What is the remainder when 361453354 is divided by 5676?
5674
What is the remainder when 1619586 is divided by 89977?
0
What is the remainder when 81081627 is divided by 42?
39
What is the remainder when 21247036 is divided by 2294?
8
What is the remainder when 13834896 is divided by 4611579?
159
What is the remainder when 42075050 is divided by 35?
10
Calculate the remainder when 8222756 is divided by 1820.
1816
What is the remainder when 144279 is divided by 20526?
597
Calculate the remainder when 1001092 is divided by 1330.
932
Calculate the remainder when 44904003 is divided by 2641410.
33
What is the remainder when 774034302 is divided by 1661?
1658
What is the remainder when 21465914 is divided by 320?
314
What is the remainder when 11237601 is divided by 108?
93
Calculate the remainder when 2408131 is divided by 185240.
11
Calculate the remainder when 355775 is divided by 177632.
511
Calculate the remainder when 29320160 is divided by 433.
431
What is the remainder when 44000 is divided by 8306?
2470
Calculate the remainder when 263729 is divided by 420.
389
Calculate the remainder when 3790 is divided by 1223.
121
What is the remainder when 7315390 is divided by 2438462?
4
What is the remainder when 1694420 is divided by 3179?
13
Calculate the remainder when 196193 is divided by 8495.
808
What is the remainder when 43523558 is divided by 21525?
8
What is the remainder when 212383362 is divided by 70794454?
0
What is the remainder when 624834 is divided by 391?
16
What is the rema